**2. Determine r(u).
1
Let h(m) be the first derivative of -m**2/2 - 2*m - 9. Determine h(-4).
2
Let g(i) = -i**3 - i**2 + 2*i + 1. Suppose 0 = -3*h + 2*w + 22 - 8, -5*w = 4*h + 12. What is g(h)?
-7
Suppose 3 = -0*c - c. Let x(o) be the third derivative of o**6/240 + o**4/6 + 2*o**2. Let n(k) be the second derivative of x(k). Give n(c).
-9
Let f(c) = c + 1 - 3*c - 2*c - 3*c. Let z(m) = -3*m**2 - m + 3. Let a(o) = -o**2 + o - 1. Let i(j) = 2*a(j) - z(j). Let p be i(-4). Calculate f(p).
8
Let k(r) = -r**3 - 4*r**2 + 8*r + 7. Let s(v) = 3*v - 3*v + v - 1. Let h be s(-4). Give k(h).
-8
Let m be -4*(-3)/6 + -6 + 3. Let b(c) = c. What is b(m)?
-1
Suppose 4*a + a - 3*v + 37 = 0, 3*a + 5*v = 5. Let f(m) = 3*m**3 - m**2 + 3*m - 3. Let q(l) = -l**3 - l**2 - l - 1. Let y(h) = -f(h) - 4*q(h). What is y(a)?
2
Let a(m) be the second derivative of -m**5/60 - m**4/3 - m**3 - m**2/2 + 8*m. Let q(x) be the first derivative of a(x). Give q(-6).
6
Suppose -o + 2*o = -5. Let u(v) = -v**3 - 5*v**2 - 3*v - 3. What is u(o)?
12
Let t(g) = 2*g**2 - 2*g - 1. Suppose 0 = -v + 4*c + 6, 0 = -c - 0 + 1. Let s be v/3*(-18)/(-15). Suppose 5*d - 3*b - 17 = 5, 20 = 2*d - s*b. What is t(d)?
3
Suppose 0 = -w - w + 10. Let p(k) = -k**2 + 5*k + 7. What is p(w)?
7
Let y(r) = r**3 + 3*r**2 + 2*r - 2. Let g be y(-2). Let m = g + 4. Let o(d) = -3*d - m*d + 0*d. Calculate o(-1).
5
Let v(u) = -u. Let s be v(-2). Let n(g) be the third derivative of 1/24*g**4 - 1/6*g**3 - 1/60*g**5 - s*g**2 + 0*g + 0. What is n(1)?
-1
Let o(d) = -d**3 + 4*d**2 - 2*d - 1. Let g be o(3). Let a(j) = -2*j + 2*j - g + 6 - j. Give a(5).
-1
Let d(g) = -3*g - 3. Let m(z) = z + 1. Let j(w) = -2*d(w) - 7*m(w). Let i(v) = -v + 1. Let y be i(-1). Let k = y - 2. What is j(k)?
-1
Let k(f) = -4*f**2 - 3*f. Suppose -2*m + 0*j - 4 = -5*j, -j = 4*m + 8. Calculate k(m).
-10
Let s(h) = -6*h**3 + 2*h**2 - 2*h + 1. Let q(j) = j + 1. Let g be q(0). Give s(g).
-5
Let y(j) = -j**3 - 8*j + 10*j + 0*j + 0*j**3. Determine y(-2).
4
Suppose 5*l + 5 = 15. Suppose l*g = -g. Let t(s) = 2 + 2*s + g + 0*s. What is t(-4)?
-6
Let r(a) = a**3 - a**2 - a + 35. Let i be r(0). Let b = 58 + -23. Let x(z) = i + z - b. Calculate x(6).
6
Let x = 1 - -3. Let k(u) = -36*u - 1 + 35*u + x. Let t be 2 - (0 - (2 - 1)). Calculate k(t).
0
Let x(z) be the second derivative of -1/3*z**3 + 1/2*z**2 - 3*z + 1/24*z**4 + 0 + 1/120*z**6 - 1/60*z**5. Let j(d) be the first derivative of x(d). Give j(2).
4
Let k(i) be the first derivative of -4 - 1/2*i**2 - 7*i. Give k(0).
-7
Let t be 36/27*3/(-2). Let g(o) = 5 + 2*o**2 - 4*o**2 - 3 + 3*o. Determine g(t).
-12
Let n be (11/22)/((-2)/24). Let d be 4/n - (-16)/6. Let k(q) be the second derivative of -q**3/3 + q**2/2 - 2*q. Determine k(d).
-3
Let q(p) = 8*p**3 - p + 1. Let l be 6 - (0 - (0 + -1)). Suppose y - 36 + 12 = -l*j, -5*j = -y - 16. Let m be 5/j - (-4)/(-16). Calculate q(m).
8
Let t(c) = -c**3 - 5*c**2 - 6*c - 5. Let g be t(-4). Let k(z) = z**3 + 0*z**3 - 1 - 3*z - 2*z**2 + 2. Calculate k(g).
1
Let l(q) = -10*q. Suppose 2*z + 3*z + 11 = u, 8 = -4*z. Determine l(u).
-10
Let o(s) = s**2 + s + 2. Suppose 2*d - 5 = d. Let r = 34 - 21. Suppose -d = -2*v - 3*k, v + 6*k - r = k. Calculate o(v).
4
Suppose m = p + 3, -3*m - 3*p + 39 = 2*m. Let s(h) = h - 7 - m*h + 6*h. Determine s(5).
-2
Let p(k) be the second derivative of 7*k**2/2 + k. Let i(a) = -a. Let h(w) = -2*i(w) + p(w). Suppose 0 = -x + 5*q - q - 17, 0 = -3*x + q - 18. Determine h(x).
-3
Let a(c) = -c**2 - 9*c - 4. Let h be a(-8). Suppose h*f + 16 = -0. Let b(k) = k**3 + 3*k**2 - k + 5. What is b(f)?
-7
Let j(o) be the second derivative of o**4/6 + o**2/2 + 16*o. What is j(-1)?
3
Let a(v) be the first derivative of v**2/2 - 2. Let j(r) be the first derivative of r**4/4 - 4*r**3/3 - r**2/2 + 2*r + 1. Let w be j(4). Give a(w).
-2
Let t(s) = -11*s**2 - 3*s - 14. Let z(l) = -5*l**2 - l - 7. Let p(n) = -6*t(n) + 13*z(n). Determine p(-5).
-7
Let b(g) = -7*g**3 - g**2 + 1. Suppose -5*o = 3*w - 9 + 1, 0 = 4*w - 2*o - 2. Determine b(w).
-7
Let n(g) = 0*g + 2*g + 4 - g. Let r(b) = b**2 - 6*b - 8. Let m be r(7). Let o be 2 - (-1 - -7 - m). Give n(o).
-1
Let g(t) = -t**2 + 6*t + 1. Suppose 3*p = 4*p - 4*z + 14, -4*p + 34 = 2*z. Determine g(p).
1
Let b(x) = x**2 - 5*x + 3. Let i(z) = -z**3 - 4*z**2 + 5*z + 6. Let p be i(-5). Suppose 4*o = 4*y + 8, -4*y + 7 = 3*o - p. Give b(o).
-3
Let w be 12/(-27)*-3*(-6)/(-4). Let v(h) = 3*h - 5. Calculate v(w).
1
Let q(m) = -8*m**3 - m**2 - m + 1. Let w = -1 + 1. Suppose w = -p + t + 1 + 8, 5*p - 2*t = 36. Let y = -5 + p. Give q(y).
-9
Let c(f) = -10 + 2*f + 0 - 3*f. Determine c(-5).
-5
Let y(r) = r**2 - 10*r + 4. Let g(u) = u**2 - 9*u + 4. Let p(x) = -6*g(x) + 5*y(x). Suppose -l + 4 = i - 2, -i + 2 = -l. Let b = l + 1. Calculate p(b).
-1
Let h(m) = m**2 - 7*m + 2. Let k = -35 - -41. Calculate h(k).
-4
Let h(s) = s + 5. Let m(x) = 1. Let k(q) = -h(q) + 4*m(q). Give k(3).
-4
Let w(q) = -q**3 + q**2 - 6*q - 5. Let n(l) = l**3 - l**2 + 7*l + 6. Let y(r) = -5*n(r) - 6*w(r). Calculate y(0).
0
Let b(p) = 4 + 0 + 12*p - 25*p - 5. Calculate b(-1).
12
Let c(w) = -2*w + 1. Let d(l) = l + 4*l**2 - l**3 - 3 - 6 - 5*l**2. Let g be d(0). Let v(y) = -y - 13. Let n be v(g). Calculate c(n).
9
Suppose -4*l - l + 30 = 0. Let d = 5 - l. Let u be d/(2/(-5 + -1)). Let q(r) = -r**3 + 4*r**2 - 2*r + 4. What is q(u)?
7
Let u be (-6)/(-27) - 16/(-9). Let v(m) = 3*m - 3. Calculate v(u).
3
Let y(k) = -k**2 - 2*k + 1. Suppose z - 3 = 4*z. Let g be -7 - -4 - 0/z. Give y(g).
-2
Let c(p) be the second derivative of p**5/20 + 7*p**4/12 + 5*p**3/6 + p**2/2 + 12*p. Determine c(-6).
7
Let v(k) = -k**3 - 8*k**2 + k + 5. Let s be v(-8). Let j(f) = 3*f**2 + 2*f. Let n(b) = -1 - 3 + 3 - 4*b**2 - 3*b. Let u(q) = 3*j(q) + 2*n(q). Determine u(s).
7
Let u(d) = 27*d**3 - 2*d**2 + 7 - 5*d**2 - 28*d**3. Give u(-7).
7
Suppose t - 3*t = -16. Let a = -6 + t. Suppose 3*o = -3*j - 3, 3*j = o - a - 1. Let l(q) = -4*q**3 + q. Calculate l(j).
3
Let y(s) = 11*s**3 - 12*s**2 + 13*s + 10. Let r(q) = -5*q**3 + 6*q**2 - 6*q - 5. Let k(z) = 13*r(z) + 6*y(z). Determine k(-6).
-5
Let z(w) = -w**3 - 4*w**2 + 7*w + 9. Let d be z(-5). Let n(x) = -4*x - 1. Give n(d).
3
Let l(v) = 7*v - 5*v**2 - 1 - 5*v + 0 + v**3. Suppose 4*w - 2*j = w + 11, -4*j - 2 = -2*w. Determine l(w).
9
Let d(o) = -8*o - 1. Let n be 4*3/18*3. Suppose 3*v = 3*b, -b + n*b = 2*v + 1. Let w = v - 0. Calculate d(w).
7
Let k(s) = -s**2 - 6*s - 3. Let l be k(-5). Let d = -6 + 13. Suppose -1 + d = l*u. Let g(r) = -r**2 + 4*r - 2. Give g(u).
1
Let p(o) = 2*o - 9. Let r(z) be the first derivative of z**2/2 - z - 2. Let w(y) = p(y) - 4*r(y). Let g(m) = -5*m - 15. Let k(t) = -3*g(t) + 8*w(t). Give k(4).
1
Suppose 4*c = u - 0*u + 2, 2*u + 4 = -c. Let n = c + -3. Let l(q) be the second derivative of q**3/3 - 2*q**2 - 5*q. Calculate l(n).
-10
Let m(u) be the second derivative of -u**5/20 + u**3/6 + 5*u**2/2 - 7*u. Calculate m(0).
5
Suppose -h = z - 5, h - 3*z - 3 = 2. Let p be (-1 + 1)/((-5)/h). Let b(y) = 2 - y + 2*y + y**3 + 2*y**2 - y**2. Determine b(p).
2
Let d(s) = s**2 + 4*s - 5. Let u(w) = w**2 + 3*w - 4. Let v(y) = -3*d(y) + 4*u(y). What is v(-2)?
3
Suppose w - 3 = -5. Let f(c) be the second derivative of c**5/60 - c**4/12 - c**3/6 + c. Let b(x) be the second derivative of f(x). Determine b(w).
-6
Let j(x) = -70*x + 15 + 71*x - 13. Let w(i) be the first derivative of -i**2 - i - 2. Let r be w(2). What is j(r)?
-3
Let v(t) = t**3 + 19*t**2 + 17*t - 21. Let w be v(-18). Let n(s) = -s + 1. Give n(w).
4
Suppose -4*t = -10*t + 18. Let o = 2 - 0. Let m(a) = 2*a - 2*a**3 + a**t + 0*a**2 - 2 - 3*a**o. Give m(-3).
-8
Let r(k) = -14*k**2 + 3*k + 29. Let w(x) = -5*x**2 + x + 10. Let o(d) = 6*r(d) - 17*w(d). Give o(-3).
10
Let h be (-2 - -4) + (-4)/2. Suppose -b - 5*v + 48 - 17 = h, -13 = 2*b - 5*v. Let g be ((-3)/b)/((-1)/6). Let k(l) = -l**2 + 4*l. Give k(g).
3
Let j be (-4)/(-6)*3/2. Let q(u) be the third derivative of -u**6/20 - u**5/60 + u**3/6 + 6*u**2 - 3. What is q(j)?
-6
Let x(y) = 6*y**3 - 2*y**2 + y - 1. Let i(o) = 5*o**3 - o**2 + 2*o - 2. Let b(w) = -7*i(w) + 6*x(w). Determine b(6).
-4
Let z(x) be the third derivative of -x**2 + 0*x - 1/6*x**3 + 0 - 1/12*x**4 - 1/20*x**5 - 1/360*x**6. Let k(p) be the first derivative of z(p). Determine